{"id":4372,"date":"2023-10-19T19:47:31","date_gmt":"2023-10-19T19:47:31","guid":{"rendered":"https:\/\/www.manoj.fr\/?page_id=4372"},"modified":"2023-10-19T19:47:31","modified_gmt":"2023-10-19T19:47:31","slug":"le-district-du-sindhupalchok","status":"publish","type":"page","link":"https:\/\/new.manoj.fr\/index.php\/lieux-dintervention\/le-district-du-sindhupalchok\/","title":{"rendered":"Le district du Sindhupalchok"},"content":{"rendered":"<p>Le district de Sindhulpalchok \u2013 en n\u00e9palais\u00a0: <span class=\"lang-ne\" lang=\"ne\">\u0938\u093f\u0928\u094d\u0927\u0941\u092a\u093e\u0932\u094d\u091a\u094b\u0915 \u091c\u093f\u0932\u094d\u0932\u093e<\/span> \u2013 est l&rsquo;un des 75 districts du N\u00e9pal. Il est rattach\u00e9 \u00e0 la zone de la Bagmati et \u00e0 la r\u00e9gion de d\u00e9veloppement Centre. La population du district s&rsquo;\u00e9levait \u00e0 287 798 habitants en 2011. <sup id=\"cite_ref-1\" class=\"reference\"><\/sup><\/p>\n<p><img loading=\"lazy\" decoding=\"async\" class=\"alignleft size-medium wp-image-4373\" src=\"https:\/\/www.manoj.fr\/wp-content\/uploads\/2023\/10\/Sindhulpalchok_district_location-300x206.png\" alt=\"\" width=\"300\" height=\"206\" \/><\/p>\n<p>&nbsp;<\/p>\n<p>(rouge) District de Sindhulpalchok<\/p>\n<p>(gris fonc\u00e9) Autres districts de la zone de la Bagmati<\/p>\n<p>(gris clair) Autres zones de la r\u00e9gion Centre<\/p>\n<p>&nbsp;<\/p>\n<p>Source : <a href=\"https:\/\/fr.wikipedia.org\/wiki\/District_de_Sindhulpalchok\">https:\/\/fr.wikipedia.org\/wiki\/District_de_Sindhulpalchok<\/a><\/p>\n","protected":false},"excerpt":{"rendered":"<p>Le district de Sindhulpalchok \u2013 en n\u00e9palais\u00a0: \u0938\u093f\u0928\u094d\u0927\u0941\u092a\u093e\u0932\u094d\u091a\u094b\u0915 \u091c\u093f\u0932\u094d\u0932\u093e \u2013 est l&rsquo;un des 75 districts du N\u00e9pal. Il est rattach\u00e9 \u00e0 la zone de la Bagmati et \u00e0 la r\u00e9gion de d\u00e9veloppement Centre. La population du district s&rsquo;\u00e9levait \u00e0 287 798 habitants en 2011. &nbsp; (rouge) District de Sindhulpalchok (gris fonc\u00e9) Autres districts de la [&hellip;]<\/p>\n","protected":false},"author":1,"featured_media":0,"parent":2522,"menu_order":0,"comment_status":"closed","ping_status":"closed","template":"","meta":{"_et_pb_use_builder":"","_et_pb_old_content":"","_et_gb_content_width":"","footnotes":""},"class_list":["post-4372","page","type-page","status-publish","hentry"],"_links":{"self":[{"href":"https:\/\/new.manoj.fr\/index.php\/wp-json\/wp\/v2\/pages\/4372","targetHints":{"allow":["GET"]}}],"collection":[{"href":"https:\/\/new.manoj.fr\/index.php\/wp-json\/wp\/v2\/pages"}],"about":[{"href":"https:\/\/new.manoj.fr\/index.php\/wp-json\/wp\/v2\/types\/page"}],"author":[{"embeddable":true,"href":"https:\/\/new.manoj.fr\/index.php\/wp-json\/wp\/v2\/users\/1"}],"replies":[{"embeddable":true,"href":"https:\/\/new.manoj.fr\/index.php\/wp-json\/wp\/v2\/comments?post=4372"}],"version-history":[{"count":0,"href":"https:\/\/new.manoj.fr\/index.php\/wp-json\/wp\/v2\/pages\/4372\/revisions"}],"up":[{"embeddable":true,"href":"https:\/\/new.manoj.fr\/index.php\/wp-json\/wp\/v2\/pages\/2522"}],"wp:attachment":[{"href":"https:\/\/new.manoj.fr\/index.php\/wp-json\/wp\/v2\/media?parent=4372"}],"curies":[{"name":"wp","href":"https:\/\/api.w.org\/{rel}","templated":true}]}}